ase 14
-ca6c7
-446959 (base 13) to base 4
-12022011301
-2220220102111 (base 3) to base 10
-1553080
What is 11011111111011 (base 2) in base 12?
8363
-502308 (base 10) to base 6
-14433300
What is -541102311 (base 6) in base 10?
-9572803
Convert -322145 (base 7) to base 4.
-31222313
Convert 7641a58 (base 11) to base 4.
303032122301
Convert 6236287 (base 9) to base 11.
1975730
-1300b55 (base 13) to base 3
-102011220201221
What is a2c833 (base 13) in base 7?
44165222
Convert -132113322 (base 5) to base 4.
-2201033232
Convert 341324 (base 8) to base 4.
130023110
Convert -11111001000000100 (base 2) to base 16.
-1f204
What is 148536 (base 10) in base 15?
2e026
What is 128397 (base 16) in base 12?
4a61b3
-305aac (base 16) to base 10
-3168940
What is 17623 (base 11) in base 2?
110000010000101
What is -2cdbc (base 15) in base 11?
-99914
Convert -104783c (base 13) to base 11.
-2886993
Convert 344432304 (base 5) to base 7.
16162465
What is -20b97 (base 15) in base 2?
-11001010110111011
Convert 2211020 (base 6) to base 15.
22a93
Convert 3604225 (base 7) to base 12.
19b57a
Convert de410 (base 15) to base 12.
2a0896
What is -130010322 (base 4) in base 13?
-40464
Convert -1136222 (base 12) to base 3.
-20020001022122
Convert -11110101001010110 (base 2) to base 9.
-211163
Convert -362413 (base 7) to base 3.
-10100011001
47c0ba (base 13) to base 15
23c22b
-13322 (base 12) to base 5
-1321003
5325551 (base 6) to base 15
522b1
-50374 (base 16) to base 15
-67544
Convert 11000001101010101 (base 2) to base 11.
68553
-24236 (base 13) to base 4
-100023311
-7c267 (base 13) to base 15
-47294
23122412 (base 5) to base 4
302233301
-11110101100001000010 (base 2) to base 8
-3654102
Convert -8838 (base 12) to base 15.
-46b5
-1011000110011110 (base 2) to base 6
-550302
What is 14364565 (base 8) in base 6?
154035353
Convert 217645 (base 8) to base 12.
36745
-11113311123 (base 4) to base 6
-50104043
Convert -221401 (base 7) to base 8.
-114054
-4267424 (base 8) to base 10
-1142548
1287a5 (base 12) to base 11
199390
What is 1110110542 (base 6) in base 4?
231331002332
What is -99adc3 (base 14) in base 8?
-23714077
Convert 5ec70 (base 15) to base 11.
197869
-69180 (base 11) to base 7
-564434
-10d1f (base 16) to base 9
-114450
What is -13421010420 (base 5) in base 10?
-17360110
110111000111000 (base 2) to base 5
1400331
-50400 (base 11) to base 7
-424560
What is -1d458 (base 16) in base 3?
-20002110121
-1010122200012011 (base 3) to base 8
-76112436
Convert -1001101111101101111010 (base 2) to base 4.
-21233231322
-4949564 (base 10) to base 12
-17a83b8
21313124 (base 6) to base 8
2322054
What is 53b56 (base 12) in base 10?
110514
Convert 101351035 (base 6) to base 4.
12230302133
What is -600e07 (base 16) in base 7?
-104335623
411655 (base 7) to base 10
70306
-666ce0 (base 15) to base 5
-2222230120
261b13 (base 15) to base 4
12332120100
Convert 18314 (base 16) to base 12.
49418
-602522 (base 13) to base 7
-24660164
What is 4b600 (base 14) in base 8?
551300
Convert 100211020200210 (base 3) to base 5.
2314032001
15a27 (base 15) to base 11
48483
-1e38e (base 16) to base 15
-26a2a
-115212 (base 7) to base 12
-10206
Convert -132122023333 (base 4) to base 16.
-79a2ff
What is -103021351 (base 6) in base 7?
-21330334
What is -25165426 (base 7) in base 16?
-229d3b
480da (base 16) to base 3
112222211202
What is 13738181 (base 9) in base 11?
3936210
What is 13625 (base 16) in base 15?
187d2
4057456 (base 8) to base 7
12056053
What is -212018 (base 9) in base 12?
-60bb2
Convert -4110612 (base 10) to base 4.
-33223210110
What is 11200110202 (base 3) in base 5?
10422243
What is 321101104 (base 5) in base 12?
54b645
What is 2428283 (base 11) in base 10?
4227589
What is -140434 (base 6) in base 14?
-4ad8
-352554 (base 6) to base 14
-b154
365617 (base 9) to base 6
4421324
What is 667427 (base 11) in base 10?
1063982
Convert -1536c9 (base 13) to base 2.
-1111111011010001100
11111111012021 (base 3) to base 2
1001000111110011011110
-1124100101 (base 5) to base 9
-4740363
What is -504662 (base 14) in base 9?
-5066508
-575865 (base 11) to base 3
-1201111202001
Convert 1738002 (base 10) to base 14.
333550
What is -24401 (base 16) in base 4?
-210100001
-75744 (base 11) to base 10
-110037
What is -7b488c (base 15) in base 3?
-102002010201120
Convert 3d5376 (base 14) to base 13.
59636b
What is 3135866 (base 9) in base 10?
1677408
-10220011222210 (base 3) to base 13
-576480
12415838 (base 9) to base 5
3024433221
-1021110102000 (base 3) to base 11
-423657
What is 36106 (base 15) in base 13?
605b2
-1334612 (base 7) to base 3
-22222201122
51656325 (base 8) to base 14
1657285
-384dc (base 16) to base 3
-102201100111
-27b5690 (base 12) to base 2
-11110010101010010001100
5323196 (base 10) to base 11
300643a
Convert -836434 (base 10) to base 6.
-25532214
What is 17a171 (base 12) in base 14?
a9d65
Convert -441210333 (base 5) to base 6.
-104401053
What is -10000010010110011000 (base 2) in base 12?
-218b88
-2114240 (base 10) to base 9
-3872165
What is 11111101101000110 (base 2) in base 8?
375506
Convert -205515653 (base 7) to base 6.
-1113342442
40532 (base 11) to base 7
334415
What is 4763a0 (base 11) in base 3?
1102100212112
Convert -3235304 (base 6) to base 14.
-42756
What is 1551653 (base 10) in base 13?
42434c
Convert -10100010110102 (base 3) to base 16.
-1b11a8
-478537 (base 9) to base 7
-2310541
273ac7 (base 13) to base 14
1aa7b7
Convert -1331261 (base 8) to base 10.
-373425
What is -1000110011101000010000 (base 2) in base 10?
-2308624
What is -1a84a0 (base 12) in base 8?
-1627270
Convert b27adf (base 16) to base 14.
17a69c3
Convert -15574c (base 13) to base 2.
-10000000011111111010
Convert 985a7 (base 11) to base 2.
100010111100100011
What is 8d30d (base 16) in base 5?
122001232
What is 6868746 (base 11) in base 12?
4036465
Convert -3201013023 (base 4) to base 9.
-1654740
-153657 (base 9) to base 15
-1d054
What is -228435 (base 9) in base 14?
-3810c
What is 60f019 (base 16) in base 15?
857531
-1cb75 (base 15) to base 10
-93710
-4aba08 (base 12) to base 16
-12a9e8
What is -1011100000100111101100 (base 2) in base 16?
-2e09ec
-9cae (base 16) to base 12
-1b266
Convert -100012220010 (base 3) to base 11.
-114359
Convert 10111000010100 (base 2) to base 3.
121011220
Convert 4a745 (base 12) to base 3.
12010221022
Convert -1ca0 (base 14) to base 4.
-1101310
-580750 (base 11) to base 13
-26432c
What is 32342 (base 12) in base 14?
1a16a
What is -4663434 (base 8) in base 6?
-43130540
What is 35152 (base 10) in base 6?
430424
Convert -1001101110000 (base 2) to base 11.
-3814
Convert 133054030 (base 6) to base 16.
28b102
-100001111011111111111 (base 2) to base 6
-35500235
600216 (base 8) to base 3
100222220001
What is 432445144 (base 6) in base 13?
1792a1a
-9167a (base 16) to base 14
-117094
What is -a6609 (base 15) in base 11?
-330652
Convert 7816bb (base 12) to base 2.
111010010011010101111
-1202212 (base 4) to base 5
-200220
Convert -5a60849 (base 11) to base 7.
-155506646
Convert -ba13d8 (base 14) to base 11.
-3616109
-26a92 (base 12) to base 3
-2201020102
Convert -102020102221 (base 3) to base 7.
-1610632
Convert -2455551 (base 6) to base 12.
-645b7
-4343401 (base 6) to base 2
-110100101101111001
Convert 30831464 (base 9) to base 7.
240104260
12202020011222 (base 3) to base 5
1240232443
Convert 1444444043 (base 5) to base 9.
7313204
99d301 (base 16) to base 5
10040043100
What is -1467507 (base 12) in base 6?
-224135211
-703639 (base 13) to base 7
-31104502
Convert -a614a (base 15) to base 5.
-113324140
-39966 (base 12) to base 13
-2a033
Convert -245064 (base 8) to base 2.
-10100101000110100
What is 6071247 (base 12) in base 16?
1139f17
1829a2 (base 11) to base 16
44dba
What is -703ba (base 13) in base 14?
-53159
What is 10110101100010101 (base 2) in base 11?
6391a
Convert -320035230 (base 6) to base 4.
-111120013002
Convert 120606 (base 11) to base 3.
100201002111
11261562 (base 7) to base 10
989844
Convert 30211320 (base 4) to base 10.
51576
What is 124cd (base 14) in base 5?
2413434
52241354 (base 6) to base 7
15604150
Convert -1060065 (base 8) to base 3.
-112120101020
Convert 12bb0c (base 14) to base 9.
1185467
231010310 (base 5) to base 3
1221102120120
Convert -243977 (base 10) to base 3.
-110101200012
936955 (base 10